et j(p) = -4*p**2 + 108*p - 536. Calculate j(21).
-32
Let v(b) = 233*b + 4333. Give v(-18).
139
Let a(k) = -k**2 - 30*k + 7503. Calculate a(73).
-16
Let i(l) = l**2 - 58702*l - 3643377. What is i(-62)?
-9
Let v(p) = 647*p**2 + 9701*p - 18. Determine v(-15).
42
Let f(d) = 42*d**2 - 634*d - 52. Calculate f(15).
-112
Let d(x) = -x**3 - 7*x**2 + 8*x + 150. What is d(-8)?
150
Let w(u) = -u**3 + 98*u**2 - 1534*u - 293. Determine w(21).
1450
Let t(a) = -a**3 + 14*a**2 - 44*a + 368. Determine t(14).
-248
Let m(k) = 31699*k**2 - 63428*k + 4. Calculate m(2).
-56
Let t(i) = -5990*i - 29945. Give t(-5).
5
Let i(c) = c**2 + 53*c - 2858. Give i(-88).
222
Let w(o) = -12305*o + 1771922. What is w(144)?
2
Let m(x) = -65*x - 2100. Give m(-35).
175
Let z(m) = -2*m**3 - 101*m**2 + 120*m + 3505. Determine z(-51).
-14
Let n(r) = -401*r**3 + 6*r**2 + 4172*r - 4179. What is n(1)?
-402
Let t(r) = 21*r**2 - 5048*r - 3122. What is t(241)?
11
Let v(h) = 109*h - 13198. Calculate v(121).
-9
Let i(s) = -9978*s + 848134. Determine i(85).
4
Let p(u) = 2*u**2 + 386*u + 13234. Calculate p(-34).
2422
Let q(u) = -1797*u + 34338. Determine q(19).
195
Let k(p) = p**3 + 168*p**2 + 57*p - 18292. Give k(-167).
78
Let w(i) = -4*i**2 - 5400*i - 48366. What is w(-9)?
-90
Let y(t) = t**3 - 255*t**2 + 1947*t - 52332. What is y(248)?
-4
Let q(i) = -6*i**2 - 51*i - 908. What is q(-35)?
-6473
Let u(m) = 27*m**2 - 41*m + 38. Calculate u(5).
508
Let g(d) = -d**3 + 45*d**2 + 300*d - 502. What is g(51)?
-808
Let a(o) = -15*o**3 - 288*o**2 + 60*o + 2131. Determine a(-19).
-92
Let m(j) = 11*j**2 + 3635*j + 28380. Calculate m(-8).
4
Let j(h) = 126*h - 3881. Give j(35).
529
Let x(j) = 14991*j - 209877. Calculate x(14).
-3
Let c(d) = -3*d**3 - 1005*d**2 - 2076*d - 136. What is c(-2)?
20
Let j(a) = -2*a**3 - 241*a**2 - 6278*a - 83. What is j(-38)?
221
Let q(y) = y**2 + 29343*y - 1087062. What is q(37)?
-2
Let h(u) = -9307*u - 167435. Determine h(-18).
91
Let i(w) = 7*w**2 + 184*w - 1975. Give i(11).
896
Let o(z) = 1358*z + 214888. Determine o(-158).
324
Let u(m) = -16258*m - 16254. Calculate u(-1).
4
Let m(r) = r**2 - 147*r + 6832. Give m(76).
1436
Let a(c) = c**3 + c**2 - 341*c - 2146. Calculate a(-7).
-53
Let j(l) = -46*l**2 + 2090*l + 3396. What is j(47)?
12
Let a(l) = 22*l**3 + 2*l**2 - 835*l + 837. Determine a(1).
26
Let z(j) = -20*j**3 - 2159*j**2 + 111*j - 133. Determine z(-108).
-457
Let g(k) = -k**3 + 187*k**2 - 125*k - 11030. What is g(186)?
316
Let m(z) = -37*z**2 - 4*z + 593. Determine m(4).
-15
Let t(z) = 2*z**2 - 58506*z + 3095199. Calculate t(53).
-1
Let i(l) = -l**2 + 78*l + 2384. What is i(92)?
1096
Let h(q) = -34229*q + 1061130. Calculate h(31).
31
Let z(v) = 4*v**2 - 3084*v - 34432. What is z(-11)?
-24
Let y(j) = -1433*j + 10842. What is y(7)?
811
Let l(b) = b**3 + 67*b**2 - 53*b + 1111. Give l(-68).
91
Let c(z) = 16*z**3 + 736*z**2 - 23*z - 208. Determine c(-46).
850
Let u(j) = 112*j**2 + 20*j + 14. Give u(-2).
422
Let f(j) = 3*j**3 + 3*j**2 - 19074*j + 40. Calculate f(0).
40
Let h(o) = o**3 + 21*o**2 - 94*o - 18. What is h(-25)?
-168
Let z(k) = -806*k + 185. What is z(1)?
-621
Let f(b) = -20680*b - 58196. Give f(-3).
3844
Let g(l) = l**3 - 3*l**2 - 4906*l - 14663. Calculate g(-3).
1
Let p(g) = g**3 - 24*g**2 + 3*g - 10. Give p(23).
-470
Let j(u) = -367*u**3 + 3*u**2 - 7*u + 3. Determine j(1).
-368
Let l(m) = -8641*m + 535761. Determine l(62).
19
Let r(h) = -145*h**2 - 466*h + 132. Give r(-5).
-1163
Let n(c) = 27955*c - 167743. Calculate n(6).
-13
Let n(t) = 702*t + 24700. Determine n(-35).
130
Let y(g) = 11606*g - 11608. Determine y(1).
-2
Let b(n) = 9*n**2 + 162*n - 172. Determine b(1).
-1
Let i(n) = -n**2 + 292*n + 148370. Calculate i(558).
-58
Let u(a) = -5*a**3 - 9*a**2 + 26*a + 94. Calculate u(-8).
1870
Let h(d) = 31*d**3 - 134*d**2 + 102*d - 395. What is h(4)?
-147
Let q(s) = 3043*s - 13310. Give q(5).
1905
Let g(f) = 2*f**3 + 61*f**2 - 2454*f - 59898. Calculate g(-21).
15
Let h(d) = -316*d**2 - 275*d - 541. Calculate h(-2).
-1255
Let n(j) = -j**3 + 50*j**2 + 16*j + 2705. Calculate n(52).
-1871
Let x(n) = n**3 - 363*n**2 - 736*n + 135415. Give x(364).
7
Let k(z) = -702*z**2 + 20347*z + 315. What is k(29)?
-4
Let b(v) = 2*v**2 - 678*v + 53811. Give b(127).
-37
Let x(p) = 1436*p**2 - 1050*p - 25. Calculate x(1).
361
Let z(f) = -f**3 + 194*f**2 + 193*f + 459. Calculate z(195).
69
Let a(b) = 54529*b + 326509. Calculate a(-6).
-665
Let a(p) = 9*p**2 + 363*p + 3653. Calculate a(-20).
-7
Let a(t) = t**3 - 12*t**2 + 22*t + 12. Determine a(7).
-79
Let u(p) = -136*p**2 + 5969*p + 19890. Determine u(47).
9
Let j(x) = -351*x**2 - 1270*x + 20251. Give j(6).
-5
Let l(p) = -13*p**2 + 1410*p - 13939. What is l(11)?
-2
Let f(b) = 108*b + 1811. What is f(-10)?
731
Let m(f) = -125*f - 7456. Give m(-51).
-1081
Let u(p) = -167*p + 15042. What is u(88)?
346
Let k(u) = -8849*u + 61711. What is k(7)?
-232
Let b(h) = -316*h - 2404. Determine b(-3).
-1456
Let a(j) = 8*j**3 + 74*j**2 - 4004*j - 36092. Calculate a(-9).
106
Let f(z) = 2566*z + 490177. Calculate f(-191).
71
Let s(a) = -745*a**2 - 148289*a - 6760. Give s(-199).
6
Let w(o) = -73*o**2 - 78*o - 2. What is w(-1)?
3
Let h(d) = d**2 + 910*d + 197625. Calculate h(-358).
9
Let r(m) = 6*m + 2135. Give r(-73).
1697
Let x(g) = -938*g - 209027. Calculate x(-222).
-791
Let r(g) = g**3 - 200*g**2 - 1661*g - 580. What is r(208)?
44
Let f(r) = -640504*r + 1280998. Determine f(2).
-10
Let z(f) = 16*f**3 + 17*f**2 + 73*f - 39. Give z(-3).
-537
Let a(o) = -6*o**2 + 168*o - 982. Determine a(18).
98
Let c(h) = -h**3 - 85*h**2 - 172*h - 501. What is c(-83)?
-3
Let b(j) = -2*j**2 - 1323*j - 184601. Determine b(-200).
-1
Let k(r) = -259*r**2 + 4518*r - 4517. Give k(1).
-258
Let b(q) = -q**3 + 26*q**2 + 61*q - 1214. Calculate b(10).
996
Let i(o) = -41*o**2 - 905*o + 130. What is i(-21)?
1054
Let q(m) = -10868*m - 2847413. Calculate q(-262).
3
Let o(a) = 8*a**3 - 2296*a**2 - 42*a + 12039. What is o(287)?
-15
Let x(a) = 2*a**2 + 2267*a + 512669. Calculate x(-312).
53
Let w(f) = 23*f**3 + 77*f**2 + 18*f + 60. Calculate w(-3).
78
Let s(x) = 5*x**2 - 274*x + 1755. Determine s(7).
82
Let a(y) = -1679*y**2 - 5033*y - 9. Calculate a(-3).
-21
Let u(f) = -4672*f - 135475. Give u(-29).
13
Let r(c) = -3*c**3 + 593*c**2 + 3672*c + 26. Calculate r(-6).
-10
Let z(i) = 8*i**3 + 335*i**2 + 1331*i - 4146. Determine z(-37).
-2
Let y(b) = -2838*b - 278581. Give y(-98).
-457
Let x(q) = 89*q**2 - 833*q + 3996. Give x(5).
2056
Let u(a) = 1109*a - 6991. Calculate u(7).
772
Let y(p) = p**2 - 214*p - 22388. What is y(-77)?
19
Let h(v) = 5*v**3 - 872*v**2 + 416*v - 11801. Calculate h(174).
31
Let z(l) = -14*l**2 + 4309*l + 4330. Give z(-1).
7
Let u(q) = -1180738*q - 5903694. Give u(-5).
-4
Let n(c) = -3*c**3 - 25*c**2 + 1636*c - 3158. Calculate n(2).
-10
Let g(f) = -3*f**3 - 635*f**2 - 7002*f - 88. Calculate g(-200).
312
Let d(n) = 2*n**3 - 64*n**2 - 474*n + 9223. What is d(35)?
-17
Let d(j) = 10*j**2 - 767*j + 14707. Determine d(37).
18
Let j(k) = -2*k**3 - 32*k**2 - 81*k + 168. What is j(-11)?
-151
Let r(l) = 2418*l + 379627. Give r(-157).
1
Let z(c) = -148*c - 1835. What is z(-8)?
-651
Let q(m) = -m**3 + 44*m**2 + 2656*m + 91. Determine q(-34).
-45
Let r(z) = -z**3 - 8*z**2 + 33*z + 149. Calculate r(-7).
-131
Let i(m) = 18958*m - 948233. What is i(50)?
-333
Let g(h) = 24*h**2 + 830*h + 3876. What is g(-29)?
-10
Let n(c) = 18*c**3 - 1962*c**2 - 34*c + 3716. Determine n(109).
10
Let a(y) = 4*y**2 - 96*y - 6656. What is a(-30)?
-176
Let a(n) = -2*n**3 + 323*n**2 + 412*n + 7920. Determine a(163).
-4631
Let b(r) = -5*r**2 + 2511*r - 29891. Determine b(12).
-479
Let f(j) = 48023*j - 624303. Calculate f(13).
-4
Let j(n) = 43*n**2 + 48*n - 140. Calculate j(-7).
1631
Let p(k) = 580811*k - 9873792. Determine p(17).
-5
Let z(n) = 9163*n - 119092. Determine z(13).
27
Let x(p) = -521*p + 70320. Determine x(135).
-15
Let d(x) = 124952*x - 1374465. Calculate d(11).
7
Let y(o) = 19*o + 623. Determine y(5).
718
Let c(w) = -177*w**2 + 2123*w + 2328. Determine c(13).
14
Let z(y) = 135*y + 3247. Give z(-15).
1222
Let j(d) = 511*d - 3686. What is j(7)?
-109
Let m(c) = 2*c**2 + 1143*c + 11424. Calculate m(-10).
194
Let o(k) = -1077*k + 2809. What is o(2)?
655
Let o(a) = 3*a**2 - 317*a - 10073. What is o(